{"id":1927,"date":"2017-04-12T13:55:22","date_gmt":"2017-04-12T11:55:22","guid":{"rendered":"http:\/\/www.photojosebueno.com\/?page_id=1927"},"modified":"2017-04-12T13:57:59","modified_gmt":"2017-04-12T11:57:59","slug":"bienvenid-a-mi-blog","status":"publish","type":"page","link":"https:\/\/www.photojosebueno.com\/?page_id=1927","title":{"rendered":"\u00a1BIENVENID@ A MI BLOG!"},"content":{"rendered":"<p style=\"text-align: justify;\"><img loading=\"lazy\" decoding=\"async\" class=\"alignleft wp-image-1928 \" src=\"http:\/\/photojosebueno.com\/wp-content\/uploads\/2017\/04\/josebueno.gif\" alt=\"\" width=\"453\" height=\"443\" \/>Este Blog est\u00e1 dirigido a todas las personas que les gusta la imagen, especialmente a las que aman y sienten la fotograf\u00eda.<\/p>\n<p style=\"text-align: justify;\"><span style=\"color: #888888;\">En las distintas entradas que ir\u00e9 publicando peri\u00f3dicamente quiero transmitir de manera desenfadada pero a la vez prosefional todas mis experiencias en el mundo de la fotograf\u00eda con temas relacionados con distintos trabajos y viajes que asiduamente realizo. Si te interesa y sientes la fotograf\u00eda, no dudes en suscribirte a este blog.\u00a0<\/span><\/p>\n<p style=\"text-align: justify;\"><span style=\"color: #888888;\">Espero que sea de tu agrado y gracias por tu inter\u00e9s, saludos<\/span><\/p>\n<p style=\"text-align: justify;\"><em><span style=\"color: #cc99ff;\">This Blog is for all the people who like the picture, especially to those who love photography and feel.<\/span><\/em><\/p>\n<p style=\"text-align: justify;\"><em><span style=\"color: #cc99ff;\">In the various entries that I want to convey I will publish periodically so carefree yet prosefional all my experiences in the world of photography with different issues and travel work assiduously performed. If you are interested and feel photography, please subscribe to this blog.\u00a0<\/span><\/em><\/p>\n<p style=\"text-align: justify;\"><em><span style=\"color: #cc99ff;\">I hope that is right for you and thanks for your interest, greetings<\/span><\/em><\/p>\n<p style=\"text-align: right;\">\u00a0 \u00a0 \u00a0 \u00a0 \u00a0 \u00a0 \u00a0 \u00a0 \u00a0 \u00a0 \u00a0 \u00a0 \u00a0 \u00a0 \u00a0 \u00a0 \u00a0 \u00a0 \u00a0 \u00a0 \u00a0 \u00a0 \u00a0 \u00a0 \u00a0 \u00a0 \u00a0 \u00a0 \u00a0 \u00a0 \u00a0 \u00a0 \u00a0 \u00a0 \u00a0 \u00a0 \u00a0 \u00a0 \u00a0 \u00a0 \u00a0 \u00a0 \u00a0 \u00a0 \u00a0 \u00a0 \u00a0 \u00a0 \u00a0 \u00a0 \u00a0 \u00a0 \u00a0 \u00a0 \u00a0 \u00a0 \u00a0 \u00a0 \u00a0 Jos\u00e9 Bueno<\/p>\n","protected":false},"excerpt":{"rendered":"<p>Este Blog est\u00e1 dirigido a todas las personas que les gusta la imagen, especialmente a las que aman y sienten la fotograf\u00eda. En las distintas entradas que ir\u00e9 publicando peri\u00f3dicamente quiero transmitir de manera desenfadada pero a la vez prosefional todas mis experiencias en el mundo de la fotograf\u00eda con temas relacionados con distintos trabajos [&hellip;]<\/p>\n","protected":false},"author":1,"featured_media":0,"parent":0,"menu_order":0,"comment_status":"closed","ping_status":"closed","template":"","meta":{"footnotes":""},"class_list":["post-1927","page","type-page","status-publish","hentry"],"_links":{"self":[{"href":"https:\/\/www.photojosebueno.com\/index.php?rest_route=\/wp\/v2\/pages\/1927","targetHints":{"allow":["GET"]}}],"collection":[{"href":"https:\/\/www.photojosebueno.com\/index.php?rest_route=\/wp\/v2\/pages"}],"about":[{"href":"https:\/\/www.photojosebueno.com\/index.php?rest_route=\/wp\/v2\/types\/page"}],"author":[{"embeddable":true,"href":"https:\/\/www.photojosebueno.com\/index.php?rest_route=\/wp\/v2\/users\/1"}],"replies":[{"embeddable":true,"href":"https:\/\/www.photojosebueno.com\/index.php?rest_route=%2Fwp%2Fv2%2Fcomments&post=1927"}],"version-history":[{"count":3,"href":"https:\/\/www.photojosebueno.com\/index.php?rest_route=\/wp\/v2\/pages\/1927\/revisions"}],"predecessor-version":[{"id":1933,"href":"https:\/\/www.photojosebueno.com\/index.php?rest_route=\/wp\/v2\/pages\/1927\/revisions\/1933"}],"wp:attachment":[{"href":"https:\/\/www.photojosebueno.com\/index.php?rest_route=%2Fwp%2Fv2%2Fmedia&parent=1927"}],"curies":[{"name":"wp","href":"https:\/\/api.w.org\/{rel}","templated":true}]}}