{"id":1802,"date":"2017-04-10T14:47:35","date_gmt":"2017-04-10T12:47:35","guid":{"rendered":"http:\/\/www.photojosebueno.com\/?page_id=1802"},"modified":"2017-04-10T14:47:35","modified_gmt":"2017-04-10T12:47:35","slug":"un-ano-con-vosotros-gracias","status":"publish","type":"page","link":"https:\/\/www.photojosebueno.com\/?page_id=1802","title":{"rendered":"UN A\u00d1O CON VOSOTROS  \u2026 GRACIAS!"},"content":{"rendered":"<p style=\"text-align: justify;\">Ha transcurrido poco m\u00e1s de un a\u00f1o cuando inici\u00e9 este blog para compartir con todos aquellos que sienten la fotograf\u00eda como yo.<\/p>\n<p style=\"text-align: justify;\">Un sentimiento con PASION en may\u00fasculas y como ya he dicho en otras ocasiones, trabajar en algo que no solo te gusta si no que adem\u00e1s te apasiona es una de las mejores cosas que te pueden pasar, te lo aseguro.<\/p>\n<p style=\"text-align: justify;\">Y es esa pasi\u00f3n la que quiero compartir de nuevo en este a\u00f1o que comienza con una agenda interesante que estoy seguro poco a poco se ir\u00e1 completando.<\/p>\n<p style=\"text-align: justify;\"><a href=\"http:\/\/www.photojosebueno.com\/blog\/wp-content\/uploads\/2014\/01\/JBM40281.jpg\"><img loading=\"lazy\" decoding=\"async\" class=\"aligncenter size-full wp-image-976\" src=\"http:\/\/www.photojosebueno.com\/blog\/wp-content\/uploads\/2014\/01\/JBM40281.jpg\" alt=\"_JBM4028\" width=\"1200\" height=\"507\" srcset=\"https:\/\/photojosebueno.com\/wp-content\/uploads\/2014\/01\/JBM40281.jpg 1200w, https:\/\/photojosebueno.com\/wp-content\/uploads\/2014\/01\/JBM40281-300x126.jpg 300w, https:\/\/photojosebueno.com\/wp-content\/uploads\/2014\/01\/JBM40281-1024x432.jpg 1024w, https:\/\/photojosebueno.com\/wp-content\/uploads\/2014\/01\/JBM40281-500x211.jpg 500w\" sizes=\"auto, (max-width: 1200px) 100vw, 1200px\" \/><\/a><\/p>\n<p style=\"text-align: justify;\">Este a\u00f1o asistiremos con inter\u00e9s a una de las pruebas automovil\u00edsticas m\u00e1s importantes a nivel mundial, me refiero a las 24 horas de Le Mans en las que Porsche vuelve al mundo de la competici\u00f3n de resistencia nada menos que de la mano de Mark Webber y su Porsche LMP1. En este mismo circuito se celebrar\u00e1 tambi\u00e9n las Le Mans Classic\u00a0 Series de las que ya he compartido alguna que otra foto y experiencias.<\/p>\n<p style=\"text-align: justify;\">No hay que olvidar la otra prueba de resistencia, tambi\u00e9n de 24 horas en el circuito de N\u00fcrburgring y la m\u00edtica Old Timer, pruebas que nunca defraudan a nuestras c\u00e1maras.<\/p>\n<p style=\"text-align: justify;\"><a href=\"http:\/\/www.photojosebueno.com\/blog\/wp-content\/uploads\/2013\/12\/JBM_0273.jpg\"><img loading=\"lazy\" decoding=\"async\" class=\"aligncenter size-full wp-image-974\" src=\"http:\/\/www.photojosebueno.com\/blog\/wp-content\/uploads\/2013\/12\/JBM_0273.jpg\" alt=\"JBM_0273\" width=\"1228\" height=\"838\" srcset=\"https:\/\/photojosebueno.com\/wp-content\/uploads\/2013\/12\/JBM_0273.jpg 1228w, https:\/\/photojosebueno.com\/wp-content\/uploads\/2013\/12\/JBM_0273-300x204.jpg 300w, https:\/\/photojosebueno.com\/wp-content\/uploads\/2013\/12\/JBM_0273-1024x698.jpg 1024w, https:\/\/photojosebueno.com\/wp-content\/uploads\/2013\/12\/JBM_0273-439x300.jpg 439w\" sizes=\"auto, (max-width: 1228px) 100vw, 1228px\" \/><\/a><\/p>\n<p style=\"text-align: justify;\">Tambi\u00e9n tengo programadas varias pruebas a fondo de coches poco accesibles y super exclusivos como el Bugatti Veyron o el Pagani Zonda y por supuesto estaremos en el nacimiento del nuevo modelo Porsche Macan adem\u00e1s de otros interesantes coches m\u00e1s cl\u00e1sicos.<\/p>\n<p style=\"text-align: justify;\">Pero recordar que este blog va m\u00e1s dirigido al mundo de la fotograf\u00eda y por ello estar\u00eda bien hacer alg\u00fan remix y dedicar alguna entrada a la fotograf\u00eda espec\u00edfica de coches como por ejemplo te gustar\u00eda acompa\u00f1arme para hacer un rig shot? Te aseguro que los resultados son espectaculares.<\/p>\n<p style=\"text-align: justify;\"><a href=\"http:\/\/www.photojosebueno.com\/blog\/wp-content\/uploads\/2013\/12\/JBM7012.jpg\"><img loading=\"lazy\" decoding=\"async\" class=\"aligncenter size-full wp-image-971\" src=\"http:\/\/www.photojosebueno.com\/blog\/wp-content\/uploads\/2013\/12\/JBM7012.jpg\" alt=\"_JBM7012\" width=\"1200\" height=\"808\" srcset=\"https:\/\/photojosebueno.com\/wp-content\/uploads\/2013\/12\/JBM7012.jpg 1200w, https:\/\/photojosebueno.com\/wp-content\/uploads\/2013\/12\/JBM7012-300x202.jpg 300w, https:\/\/photojosebueno.com\/wp-content\/uploads\/2013\/12\/JBM7012-1024x689.jpg 1024w, https:\/\/photojosebueno.com\/wp-content\/uploads\/2013\/12\/JBM7012-445x300.jpg 445w\" sizes=\"auto, (max-width: 1200px) 100vw, 1200px\" \/><\/a><\/p>\n<p style=\"text-align: justify;\">Adem\u00e1s pronto te invitar\u00e9 para que me acompa\u00f1es en la realizaci\u00f3n de un anuncio\u00a0 de una l\u00ednea de ropa en la que intervendr\u00e1n modelos, coches y m\u00e1s cosas que te contar\u00e9 en esa entrada en la que incluir\u00e9 esas fotos de making off que tanto gustan.<\/p>\n<p style=\"text-align: justify;\">A\u00fan quedando lejano, en verano volveremos a la pr\u00e1ctica de otros deportes m\u00e1s, \u2026 como lo dir\u00eda, mas mediterr\u00e1neos. Adoro el mar y su entorno y lo echo mucho de menos. Quiz\u00e1s es ah\u00ed donde mis sentimientos por la fotograf\u00eda se ven aderezados con la pimienta de la pasi\u00f3n por el entorno si bien es cierto que tambi\u00e9n disfruto de la relajaci\u00f3n. \u00a0Por supuesto que haremos atractivas salidas al campo incluyendo la nocturnidad con la espereza de traer la memoria de la c\u00e1mara llena de interesantes im\u00e1genes.<\/p>\n<p style=\"text-align: justify;\"><a href=\"http:\/\/www.photojosebueno.com\/blog\/wp-content\/uploads\/2013\/12\/DSCF0173.jpg\"><img loading=\"lazy\" decoding=\"async\" class=\"aligncenter size-full wp-image-973\" src=\"http:\/\/www.photojosebueno.com\/blog\/wp-content\/uploads\/2013\/12\/DSCF0173.jpg\" alt=\"DSCF0173\" width=\"1200\" height=\"1200\" srcset=\"https:\/\/photojosebueno.com\/wp-content\/uploads\/2013\/12\/DSCF0173.jpg 1200w, https:\/\/photojosebueno.com\/wp-content\/uploads\/2013\/12\/DSCF0173-150x150.jpg 150w, https:\/\/photojosebueno.com\/wp-content\/uploads\/2013\/12\/DSCF0173-300x300.jpg 300w, https:\/\/photojosebueno.com\/wp-content\/uploads\/2013\/12\/DSCF0173-1024x1024.jpg 1024w\" sizes=\"auto, (max-width: 1200px) 100vw, 1200px\" \/><\/a><\/p>\n<p style=\"text-align: justify;\">Me despido con una buena noticia y es que mis queridos Reyes Magos me ha dejado nada menos que una Sony A7R, seg\u00fan muchos la matagigantes. Creo que eso puede sonar exagerado pues no me veo viajando a Le Mans solo con esta c\u00e1mara pues de momento tiene pocas \u00f3pticas nativas pero de momento me alegra mucho desempolvar todas esas \u00f3pticas manuales de distintas marcas y sistemas pues una de las ventajas que aporta este fabricante es la cantidad de adaptadores que existen para esa montura. Probar las \u00f3pticas Leica, Canon FD, Nikon Ais o las Zeiss de Hasselblad. Este tema puede ser interesante para mucho de vosotros y estar\u00e9 encantado de contaros las distintas pruebas que haga.<\/p>\n<p style=\"text-align: justify;\"><a href=\"http:\/\/www.photojosebueno.com\/blog\/wp-content\/uploads\/2013\/12\/JBM_4324.jpg\"><img loading=\"lazy\" decoding=\"async\" class=\"aligncenter size-full wp-image-975\" src=\"http:\/\/www.photojosebueno.com\/blog\/wp-content\/uploads\/2013\/12\/JBM_4324.jpg\" alt=\"JBM_4324\" width=\"1200\" height=\"1200\" srcset=\"https:\/\/photojosebueno.com\/wp-content\/uploads\/2013\/12\/JBM_4324.jpg 1200w, https:\/\/photojosebueno.com\/wp-content\/uploads\/2013\/12\/JBM_4324-150x150.jpg 150w, https:\/\/photojosebueno.com\/wp-content\/uploads\/2013\/12\/JBM_4324-300x300.jpg 300w, https:\/\/photojosebueno.com\/wp-content\/uploads\/2013\/12\/JBM_4324-1024x1024.jpg 1024w\" sizes=\"auto, (max-width: 1200px) 100vw, 1200px\" \/><\/a><\/p>\n<p style=\"text-align: justify;\">Quiz\u00e1s seamos capaces, o no, de acabar con la cl\u00e1sicas discusiones que si es mejor las \u00f3pticas Nikon o Canon, pero recuerda que para un profesional eso no tiene mucha importancia ya que lo que cuenta es la luz, al menos que seas algo fetichista lo que por cierto no es tan malo.<\/p>\n<p style=\"text-align: justify;\"><a href=\"http:\/\/www.photojosebueno.com\/blog\/wp-content\/uploads\/2014\/01\/JBM_4325.jpg\"><img loading=\"lazy\" decoding=\"async\" class=\"aligncenter size-full wp-image-872\" src=\"http:\/\/www.photojosebueno.com\/blog\/wp-content\/uploads\/2014\/01\/JBM_4325.jpg\" alt=\"JBM_4325\" width=\"1200\" height=\"720\" srcset=\"https:\/\/photojosebueno.com\/wp-content\/uploads\/2014\/01\/JBM_4325.jpg 1200w, https:\/\/photojosebueno.com\/wp-content\/uploads\/2014\/01\/JBM_4325-300x180.jpg 300w, https:\/\/photojosebueno.com\/wp-content\/uploads\/2014\/01\/JBM_4325-1024x614.jpg 1024w, https:\/\/photojosebueno.com\/wp-content\/uploads\/2014\/01\/JBM_4325-500x300.jpg 500w\" sizes=\"auto, (max-width: 1200px) 100vw, 1200px\" \/><\/a><\/p>\n<p style=\"text-align: justify;\">Ser\u00e1 capaz de reemplazar esta peque\u00f1a pero matona c\u00e1mara de sustituir en estudio nada menos que a la m\u00edtica Hasselblad con su mejor vestido?, me refiero al respaldo Phase One. Ese duelo no me lo quiero perder y por supuesto que lo compartir\u00e9 con vosotros.<\/p>\n<p style=\"text-align: justify;\"><a href=\"http:\/\/www.photojosebueno.com\/blog\/wp-content\/uploads\/2013\/12\/DSC00097.jpg\"><img loading=\"lazy\" decoding=\"async\" class=\"aligncenter size-full wp-image-972\" src=\"http:\/\/www.photojosebueno.com\/blog\/wp-content\/uploads\/2013\/12\/DSC00097.jpg\" alt=\"DSC00097\" width=\"1200\" height=\"691\" srcset=\"https:\/\/photojosebueno.com\/wp-content\/uploads\/2013\/12\/DSC00097.jpg 1200w, https:\/\/photojosebueno.com\/wp-content\/uploads\/2013\/12\/DSC00097-300x172.jpg 300w, https:\/\/photojosebueno.com\/wp-content\/uploads\/2013\/12\/DSC00097-1024x589.jpg 1024w, https:\/\/photojosebueno.com\/wp-content\/uploads\/2013\/12\/DSC00097-500x287.jpg 500w\" sizes=\"auto, (max-width: 1200px) 100vw, 1200px\" \/><\/a><\/p>\n<p style=\"text-align: justify;\">Otros temas pendientes como la creaci\u00f3n de nuevos fondos, la realizaci\u00f3n de nuevos cuadernos t\u00e9cnicos en los que veremos temas tan interesantes como el manejo del equipo de manera remota (thetering).<\/p>\n<p style=\"text-align: justify;\">Y por cierto gracias por seguirme, gracias por estar ah\u00ed, gracias por compartirlo con tus amigos y gracias por sentir la fotograf\u00eda.<\/p>\n<p style=\"text-align: justify;\">\u00a1BIENVENIDO 2014!<\/p>\n<p style=\"text-align: justify;\"><strong><span style=\"color: #cc99ff;\">A year with you &#8230; thanks!<\/span><\/strong><\/p>\n<p style=\"text-align: justify;\"><span style=\"color: #cc99ff;\">Just over a year has passed when I started this blog to share with all those who feel as I do photography .<\/span><\/p>\n<p style=\"text-align: justify;\"><span style=\"color: #cc99ff;\">A PASSION feeling with uppercase and as I said before , work on something that will not only enjoy but in addition your passion is one of the best things that can happen to you , I assure you .<\/span><\/p>\n<p style=\"text-align: justify;\"><span style=\"color: #cc99ff;\">It is this passion that I want to share again this year starting with an interesting book that I&#8217;m sure will be gradually completed.<\/span><\/p>\n<p style=\"text-align: justify;\"><span style=\"color: #cc99ff;\">This year will witness forward to one of the most important automotive testing worldwide, I mean 24 hours of Le Mans in which Porsche returns to the world of endurance racing no less than the hand of Mark Webber and his Porsche LMP1 . In this same circuit also held the Le Mans Classic Series I&#8217;ve already shared a couple of pictures and experiences.<\/span><\/p>\n<p style=\"text-align: justify;\"><span style=\"color: #cc99ff;\">Do not forget another endurance test, also 24 hours at the N\u00fcrburgring and the legendary Old Timer Tests that never disappoint our cameras .<\/span><\/p>\n<p style=\"text-align: justify;\"><span style=\"color: #cc99ff;\">I have also scheduled several tests thoroughly Car Super exclusive and inaccessible as the Bugatti Veyron or Pagani Zonda and of course will be at the birth of the new model Porsche Macan plus other great classic cars.<\/span><\/p>\n<p style=\"text-align: justify;\"><span style=\"color: #cc99ff;\">But remember that this blog is most concerned the world of photography and it would be nice to do a remix and dedicate an entry to the specific photograph cars such as you would like to join me to make a rig shot ? I assure you the results are spectacular .<\/span><\/p>\n<p style=\"text-align: justify;\"><span style=\"color: #cc99ff;\">Also soon to invite you to join me in carrying out an ad for a clothing line which will involve models , cars and more things to tell you in that entry that will include these photos making off like so much .<\/span><\/p>\n<p style=\"text-align: justify;\"><span style=\"color: #cc99ff;\">Even being far away, in summer return to the practice of other sports more &#8230; how shall I say , more Mediterranean . I love the sea and its environment and what I really miss . Maybe that&#8217;s where my feelings are for photography was seasoned with pepper passion for the environment if it is true that I also enjoy relaxation. Of course it will attractive field trips including nocturnal with espereza bring the camera memory full of interesting images.<\/span><\/p>\n<p style=\"text-align: justify;\"><span style=\"color: #cc99ff;\">I send good news is that my beloved Kings left me nothing less than a Sony A7R , according to many the Giant Killer . I think that may sound exaggerated for I see me traveling to Le Mans with this camera only because of time has few native optical but for now I am very happy to dust all those manual lenses of different brands and systems since one of the advantages of this manufacturer is the number of adapters that exist for that mount. Try the Leica , Canon FD , Nikon Ais or Hasselblad Zeiss optics. This topic may be of interest to a lot of you and I&#8217;ll be happy to tell the various tests done.<\/span><\/p>\n<p style=\"text-align: justify;\"><span style=\"color: #cc99ff;\">Maybe we are able or not to end the classic discussions if it is better Nikon or Canon lenses, but remember that for a professional that does not matter much because what counts is the light , at least we &#8216;re somewhat fetishistic what which by the way is not so bad .<\/span><\/p>\n<p style=\"text-align: justify;\"><span style=\"color: #cc99ff;\">Be able to replace this small but Powerful Camera Study replace none other than the legendary Hasselblad with your best dress? , I mean to support Phase One That duel did not want to lose me and of course I&#8217;ll share with you .<\/span><\/p>\n<p style=\"text-align: justify;\"><span style=\"color: #cc99ff;\">Other pending the creation of new funds, the implementation of new technical notebooks in which see such interesting topics as the management computer remotely ( thetering ) issues.<\/span><\/p>\n<p style=\"text-align: justify;\"><span style=\"color: #cc99ff;\">And by the way thanks for following , thanks for being there , thanks for sharing with friends and feel thanks for the picture.<\/span><\/p>\n<p style=\"text-align: justify;\"><span style=\"color: #cc99ff;\">WELCOME 2014!<\/span><\/p>\n","protected":false},"excerpt":{"rendered":"<p>Ha transcurrido poco m\u00e1s de un a\u00f1o cuando inici\u00e9 este blog para compartir con todos aquellos que sienten la fotograf\u00eda como yo. Un sentimiento con PASION en may\u00fasculas y como ya he dicho en otras ocasiones, trabajar en algo que no solo te gusta si no que adem\u00e1s te apasiona es una de las mejores [&hellip;]<\/p>\n","protected":false},"author":1,"featured_media":0,"parent":0,"menu_order":0,"comment_status":"closed","ping_status":"closed","template":"","meta":{"footnotes":""},"class_list":["post-1802","page","type-page","status-publish","hentry"],"_links":{"self":[{"href":"https:\/\/www.photojosebueno.com\/index.php?rest_route=\/wp\/v2\/pages\/1802","targetHints":{"allow":["GET"]}}],"collection":[{"href":"https:\/\/www.photojosebueno.com\/index.php?rest_route=\/wp\/v2\/pages"}],"about":[{"href":"https:\/\/www.photojosebueno.com\/index.php?rest_route=\/wp\/v2\/types\/page"}],"author":[{"embeddable":true,"href":"https:\/\/www.photojosebueno.com\/index.php?rest_route=\/wp\/v2\/users\/1"}],"replies":[{"embeddable":true,"href":"https:\/\/www.photojosebueno.com\/index.php?rest_route=%2Fwp%2Fv2%2Fcomments&post=1802"}],"version-history":[{"count":2,"href":"https:\/\/www.photojosebueno.com\/index.php?rest_route=\/wp\/v2\/pages\/1802\/revisions"}],"predecessor-version":[{"id":1804,"href":"https:\/\/www.photojosebueno.com\/index.php?rest_route=\/wp\/v2\/pages\/1802\/revisions\/1804"}],"wp:attachment":[{"href":"https:\/\/www.photojosebueno.com\/index.php?rest_route=%2Fwp%2Fv2%2Fmedia&parent=1802"}],"curies":[{"name":"wp","href":"https:\/\/api.w.org\/{rel}","templated":true}]}}