{"id":1693,"date":"2017-04-08T13:38:51","date_gmt":"2017-04-08T13:38:51","guid":{"rendered":"http:\/\/www.photojosebueno.com\/?page_id=1693"},"modified":"2017-04-08T13:38:51","modified_gmt":"2017-04-08T13:38:51","slug":"un-kit-kat-en-el-trabajo","status":"publish","type":"page","link":"https:\/\/www.photojosebueno.com\/?page_id=1693","title":{"rendered":"UN KIT KAT EN EL TRABAJO"},"content":{"rendered":"<div id=\"attachment_1222\" style=\"width: 1210px\" class=\"wp-caption aligncenter\"><img loading=\"lazy\" decoding=\"async\" aria-describedby=\"caption-attachment-1222\" class=\"wp-image-1222 size-full\" src=\"http:\/\/photojosebueno.com\/wp-content\/uploads\/2015\/06\/JBM_3596.jpg\" alt=\"Nikon D4 - Nikkor 70-200mm. VR 340mm. - ISO 800 - 1\/160s - f:22\" width=\"1200\" height=\"851\" srcset=\"https:\/\/photojosebueno.com\/wp-content\/uploads\/2015\/06\/JBM_3596.jpg 1200w, https:\/\/photojosebueno.com\/wp-content\/uploads\/2015\/06\/JBM_3596-300x213.jpg 300w, https:\/\/photojosebueno.com\/wp-content\/uploads\/2015\/06\/JBM_3596-1024x726.jpg 1024w, https:\/\/photojosebueno.com\/wp-content\/uploads\/2015\/06\/JBM_3596-423x300.jpg 423w\" sizes=\"auto, (max-width: 1200px) 100vw, 1200px\" \/><p id=\"caption-attachment-1222\" class=\"wp-caption-text\">Nikon D4 &#8211; Nikkor 70-200mm. VR\u00a0&#8211; ISO 800 &#8211; 1\/160s &#8211; f:22<\/p><\/div>\n<p style=\"text-align: justify;\">Eso es al menos lo que pensaba cuando este a\u00f1o acud\u00eda a las 24 horas de Le Mans, por fin iba a una carrera como espectador para disfrutar de todo lo que suelo perderme cuando voy a trabajar con el correspondiente pase de prensa.<\/p>\n<p style=\"text-align: justify;\">Pero ya se sabe que la cabra tira al monte y aunque al principio mi idea era ir con tan solo una c\u00e1mara de bolsillo, a \u00faltima hora cargu\u00e9 una maleta con mis Nikon y algunos objetivos y es que a fin y al cabo llevaba un coche enorme en el que llevar parte del equipo no presentaba ning\u00fan problema. Eso si objetivos como el Nikkor 300mm. se qued\u00f3 en casa pues al fin y al cabo no iba a trabajar o eso pensaba.<\/p>\n<p style=\"text-align: justify;\">Comienza la carrera y desde una grada se disfruta de la emoci\u00f3n de una carrera tan importante pero sinceramente no es lo mismo que cuando estas a pi\u00e9 de pista sintiendo y disparando a todo lo que se mueve.<\/p>\n<div id=\"attachment_1218\" style=\"width: 1278px\" class=\"wp-caption aligncenter\"><img loading=\"lazy\" decoding=\"async\" aria-describedby=\"caption-attachment-1218\" class=\"wp-image-1218 size-full\" src=\"http:\/\/photojosebueno.com\/wp-content\/uploads\/2015\/06\/JBM_3295.jpg\" alt=\"Nikon D4 - Nikkor 70-200mm. VR + TC-17E II - 340mm. - ISO 400 - 1\/2500s - f:4.8\" width=\"1268\" height=\"872\" srcset=\"https:\/\/photojosebueno.com\/wp-content\/uploads\/2015\/06\/JBM_3295.jpg 1268w, https:\/\/photojosebueno.com\/wp-content\/uploads\/2015\/06\/JBM_3295-300x206.jpg 300w, https:\/\/photojosebueno.com\/wp-content\/uploads\/2015\/06\/JBM_3295-1024x704.jpg 1024w, https:\/\/photojosebueno.com\/wp-content\/uploads\/2015\/06\/JBM_3295-436x300.jpg 436w\" sizes=\"auto, (max-width: 1268px) 100vw, 1268px\" \/><p id=\"caption-attachment-1218\" class=\"wp-caption-text\">Nikon D4 &#8211; Nikkor 70-200mm. VR + TC-17E II &#8211;<br \/> 340mm. &#8211; ISO 400 &#8211; 1\/2500s &#8211; f:4.8<\/p><\/div>\n<p style=\"text-align: justify;\">A\u00fan as\u00ed, tuve la suerte de estar justo enfrente del equipo en el que uno de los pilotos oficiales de Nissan que participaba en la categor\u00eda reina LMP1 con un Nissan GT-R LM Nismo,\u00a0es amigo, Lucas Ordo\u00f1ez y pude hacerle alguna foto con el Nikkor 70-200mm. m\u00e1s el TC-17E II, lo que equivale en el rango con m\u00e1s tele a un 340mm., eso si con algo menos de apertura de diafragma, algo que en esas fotos no importaba.<\/p>\n<p style=\"text-align: justify;\">Continuando con la sinceridad, en un momento determinado me sent\u00ed incomodo, con la sensaci\u00f3n que todas las im\u00e1genes que estaba viendo y disfrutando no las podr\u00eda ense\u00f1ar a los lectores que normalmente nos siguen en la revista\u00a0<a title=\"9republic\" href=\"http:\/\/9republic.com\" target=\"_blank\">9republic.com<\/a>, algo que tambi\u00e9n es cierto se puede cubrir perfectamente con las im\u00e1genes de otros compa\u00f1eros y las t\u00edpicas fotos que pone la organizaci\u00f3n a disposici\u00f3n de los medios.<\/p>\n<div id=\"attachment_1219\" style=\"width: 1310px\" class=\"wp-caption aligncenter\"><img loading=\"lazy\" decoding=\"async\" aria-describedby=\"caption-attachment-1219\" class=\"wp-image-1219 size-full\" src=\"http:\/\/photojosebueno.com\/wp-content\/uploads\/2015\/06\/JBM_3351.jpg\" alt=\"Nikon D4 - Nikkor 70-200mm. VR + TC-17E II - 340mm. - ISO 400 - 1\/1250s - f:4.8\" width=\"1300\" height=\"900\" srcset=\"https:\/\/photojosebueno.com\/wp-content\/uploads\/2015\/06\/JBM_3351.jpg 1300w, https:\/\/photojosebueno.com\/wp-content\/uploads\/2015\/06\/JBM_3351-300x208.jpg 300w, https:\/\/photojosebueno.com\/wp-content\/uploads\/2015\/06\/JBM_3351-1024x709.jpg 1024w, https:\/\/photojosebueno.com\/wp-content\/uploads\/2015\/06\/JBM_3351-433x300.jpg 433w\" sizes=\"auto, (max-width: 1300px) 100vw, 1300px\" \/><p id=\"caption-attachment-1219\" class=\"wp-caption-text\">Nikon D4 &#8211; Nikkor 70-200mm. VR + TC-17E II &#8211; 340mm. &#8211; ISO 400 &#8211; 1\/1250s &#8211; f:4.8<\/p><\/div>\n<p style=\"text-align: justify;\">No pude descartar alguna foto de esos detalles que de alguna manera ayudar ambientar y enmarcar el trabajo. En esta ocasi\u00f3n he elegido a uno de los comisarios con su discreto mono naranja y en el que se puede leer de una manera muy clara donde estamos.<\/p>\n<div id=\"attachment_1220\" style=\"width: 1278px\" class=\"wp-caption aligncenter\"><img loading=\"lazy\" decoding=\"async\" aria-describedby=\"caption-attachment-1220\" class=\"wp-image-1220 size-full\" src=\"http:\/\/photojosebueno.com\/wp-content\/uploads\/2015\/06\/JBM_3389.jpg\" alt=\"Nikon D4 - Nikkor 70-200mm. VR - ISO 800 - 1\/160s - f:22\" width=\"1268\" height=\"558\" srcset=\"https:\/\/photojosebueno.com\/wp-content\/uploads\/2015\/06\/JBM_3389.jpg 1268w, https:\/\/photojosebueno.com\/wp-content\/uploads\/2015\/06\/JBM_3389-300x132.jpg 300w, https:\/\/photojosebueno.com\/wp-content\/uploads\/2015\/06\/JBM_3389-1024x451.jpg 1024w, https:\/\/photojosebueno.com\/wp-content\/uploads\/2015\/06\/JBM_3389-500x220.jpg 500w\" sizes=\"auto, (max-width: 1268px) 100vw, 1268px\" \/><p id=\"caption-attachment-1220\" class=\"wp-caption-text\">Nikon D4 &#8211; Nikkor 70-200mm. VR &#8211; ISO 800 &#8211; 1\/160s &#8211; f:22<\/p><\/div>\n<p style=\"text-align: justify;\">Ya por la tarde no pude resistirme y me acerqu\u00e9 a la curva Porsche con la sana intenci\u00f3n de ver la carrera pero tambi\u00e9n con mi Nikon D4 y el 70-200mm. Por fin me sent\u00ed en mi salsa y eso que para hacer fotos no era la mejor situaci\u00f3n pero es lo que hab\u00eda. En esos momentos me arrepent\u00ed el no haber solicitado el pase de prensa pero tambi\u00e9n es cierto que hasta dos d\u00edas antes no ten\u00eda previsto ir a esta m\u00edtica carrera. A\u00fan as\u00ed pude hacer unas fotos decentes para publicar en el blog.<\/p>\n<div id=\"attachment_1221\" style=\"width: 1247px\" class=\"wp-caption aligncenter\"><img loading=\"lazy\" decoding=\"async\" aria-describedby=\"caption-attachment-1221\" class=\"wp-image-1221 size-full\" src=\"http:\/\/photojosebueno.com\/wp-content\/uploads\/2015\/06\/JBM_3417.jpg\" alt=\"Nikon D4 - Nikkor 70-200mm. VR - ISO 800 - 1\/160s - f:22\" width=\"1237\" height=\"439\" srcset=\"https:\/\/photojosebueno.com\/wp-content\/uploads\/2015\/06\/JBM_3417.jpg 1237w, https:\/\/photojosebueno.com\/wp-content\/uploads\/2015\/06\/JBM_3417-300x106.jpg 300w, https:\/\/photojosebueno.com\/wp-content\/uploads\/2015\/06\/JBM_3417-1024x363.jpg 1024w, https:\/\/photojosebueno.com\/wp-content\/uploads\/2015\/06\/JBM_3417-500x177.jpg 500w\" sizes=\"auto, (max-width: 1237px) 100vw, 1237px\" \/><p id=\"caption-attachment-1221\" class=\"wp-caption-text\">Nikon D4 &#8211; Nikkor 70-200mm. VR &#8211; ISO 800 &#8211; 1\/160s &#8211; f:22<\/p><\/div>\n<p style=\"text-align: justify;\">No hace falta decir que ir a una carrera que gran parte es nocturna sin monopi\u00e9 es una temeridad. A\u00fan as\u00ed la Nikon D4 tiene la ventaja de poder trabajar a Isos inimaginables hace unos a\u00f1os. Vamos que hasta sin monopi\u00e9 se puede sacar alguna foto decente, si bien es cierto que hubiese preferido tener al menos un monopi\u00e9 o tr\u00edpode y mi querido 300mm, ah!, y por supuesto mi pase de prensa.<\/p>\n<p style=\"text-align: justify;\"><img loading=\"lazy\" decoding=\"async\" class=\"aligncenter wp-image-1223 size-full\" src=\"http:\/\/photojosebueno.com\/wp-content\/uploads\/2015\/06\/JBM_3853.jpg\" alt=\"JBM_3853\" width=\"1234\" height=\"895\" srcset=\"https:\/\/photojosebueno.com\/wp-content\/uploads\/2015\/06\/JBM_3853.jpg 1234w, https:\/\/photojosebueno.com\/wp-content\/uploads\/2015\/06\/JBM_3853-300x218.jpg 300w, https:\/\/photojosebueno.com\/wp-content\/uploads\/2015\/06\/JBM_3853-1024x743.jpg 1024w, https:\/\/photojosebueno.com\/wp-content\/uploads\/2015\/06\/JBM_3853-414x300.jpg 414w\" sizes=\"auto, (max-width: 1234px) 100vw, 1234px\" \/><\/p>\n<p style=\"text-align: justify;\">Lo que si he sufrido tanto en esta ocasi\u00f3n como en otras anteriores es el balance de blancos en Auto y es que los coches ahora que unos utilizan distintas tecnolog\u00edas como leds, xenon, etc. es casi imposible que el ajuste de blancos coincida con la realidad, pero tranquilos, que con el ViewNX 2 de Nikon, puedes arreglar ese problema de una tacada en todas los fotos.<\/p>\n<p style=\"text-align: justify;\">Por lo dem\u00e1s, pues creo que tengo que aprender a disfrutar de los eventos en los que no voy a trabajar pero creo que no va a ser precisamente f\u00e1cil.<\/p>\n<p style=\"text-align: justify;\">Mis felicitaciones al equipo Porsche que consigui\u00f3 hacer historia\u00a0copando la primera y segunda plaza con los Porsche 919 Hybrid.<\/p>\n<p style=\"text-align: justify;\"><span style=\"color: #cc99ff;\">A kit kat at work<\/span><\/p>\n<p style=\"text-align: justify;\"><span style=\"color: #cc99ff;\">That&#8217;s at least what I thought when this year went to the 24 Hours of Le Mans, was finally going to a race as a spectator to enjoy everything to lose ground when going to work with the appropriate press pass.<\/span><\/p>\n<p style=\"text-align: justify;\"><span style=\"color: #cc99ff;\">But we know that the goat pulls the mount and although at first my idea was to go with just a pocket camera, late loaded a suitcase with my Nikon and some objectives and is that after all had a huge car in which the team lead presented no problem. That if goals such as Nikkor 300mm. He stayed home for the end of the day was not going to work, or so I thought.<\/span><\/p>\n<p style=\"text-align: justify;\"><span style=\"color: #cc99ff;\">The race begins and from a stand enjoying the excitement of such an important race but honestly is not the same as when you&#8217;re feeling walking track and shooting at anything that moves.<\/span><\/p>\n<p style=\"text-align: justify;\"><span style=\"color: #cc99ff;\">Yet I was lucky to be right in front of the computer on which one of the team drivers Nissan, who participated in the premier LMP1 with Nissan Nismo GT-R LM&#8217;s friend, Lucas Ordo\u00f1ez and could make a photo with Nikkor 70-200mm. plus the TC-17E II, equivalent in rank over a 340mm tele., that if with somewhat less light, bright something that does not matter.<\/span><\/p>\n<p style=\"text-align: justify;\"><span style=\"color: #cc99ff;\">Besides continuing with sincerity, at a certain point I felt uncomfortable, feeling that all the images I was seeing and enjoying could not teach readers that we normally follow in the journal 9republic.com, something that is also true is You can cover perfectly with the images of other colleagues and the typical photos that puts the organization available to the media.<\/span><\/p>\n<p style=\"text-align: justify;\"><span style=\"color: #cc99ff;\">In the afternoon I could not resist and went to the Porsche curve with the good intention of seeing the race but also with my Nikon D4 and 70-200mm. I finally felt in my sauce and why to take pictures was not the best situation but what he had. At such times I regretted not having requested the press pass but it is also true that had not until two days before planning to go to this legendary race. Still I could make some decent pictures to post on the blog.<\/span><\/p>\n<p style=\"text-align: justify;\"><span style=\"color: #cc99ff;\">Needless to say I go to a race that is largely nocturnal without monopod is foolhardy. Still the Nikon D4 has the advantage of being able to work Isos unimaginable a few years ago. Let that even without monopod can get a decent picture, albeit he would have preferred to have at least a monopod or tripod and my dear 300mm, ah !, and of course my press pass.<\/span><\/p>\n<p style=\"text-align: justify;\"><span style=\"color: #cc99ff;\">What I have suffered so on this occasion as in previous is the Auto white balance is that some cars now that use different technologies such as LED, xenon, etc. it is almost impossible that the white set match reality, but quiet, with Nikon ViewNX 2, you can fix that problem at a stroke all the photos.<\/span><\/p>\n<p style=\"text-align: justify;\"><span style=\"color: #cc99ff;\">Moreover, because I think I have to learn to enjoy the events in which I will not work but I think it will not be exactly easy.<\/span><\/p>\n<p style=\"text-align: justify;\"><span style=\"color: #cc99ff;\">Congratulations to Porsche team that managed to make history monopolizing the first and second place with\u00a0Porsche 919 Hybrid.<\/span><\/p>\n","protected":false},"excerpt":{"rendered":"<p>Eso es al menos lo que pensaba cuando este a\u00f1o acud\u00eda a las 24 horas de Le Mans, por fin iba a una carrera como espectador para disfrutar de todo lo que suelo perderme cuando voy a trabajar con el correspondiente pase de prensa. Pero ya se sabe que la cabra tira al monte y [&hellip;]<\/p>\n","protected":false},"author":1,"featured_media":0,"parent":0,"menu_order":0,"comment_status":"closed","ping_status":"closed","template":"","meta":{"footnotes":""},"class_list":["post-1693","page","type-page","status-publish","hentry"],"_links":{"self":[{"href":"https:\/\/www.photojosebueno.com\/index.php?rest_route=\/wp\/v2\/pages\/1693","targetHints":{"allow":["GET"]}}],"collection":[{"href":"https:\/\/www.photojosebueno.com\/index.php?rest_route=\/wp\/v2\/pages"}],"about":[{"href":"https:\/\/www.photojosebueno.com\/index.php?rest_route=\/wp\/v2\/types\/page"}],"author":[{"embeddable":true,"href":"https:\/\/www.photojosebueno.com\/index.php?rest_route=\/wp\/v2\/users\/1"}],"replies":[{"embeddable":true,"href":"https:\/\/www.photojosebueno.com\/index.php?rest_route=%2Fwp%2Fv2%2Fcomments&post=1693"}],"version-history":[{"count":1,"href":"https:\/\/www.photojosebueno.com\/index.php?rest_route=\/wp\/v2\/pages\/1693\/revisions"}],"predecessor-version":[{"id":1695,"href":"https:\/\/www.photojosebueno.com\/index.php?rest_route=\/wp\/v2\/pages\/1693\/revisions\/1695"}],"wp:attachment":[{"href":"https:\/\/www.photojosebueno.com\/index.php?rest_route=%2Fwp%2Fv2%2Fmedia&parent=1693"}],"curies":[{"name":"wp","href":"https:\/\/api.w.org\/{rel}","templated":true}]}}